) + -1.
1
Calculate (0 - -4) + (-6 - (-2 + 4)).
-4
What is the value of -4 - (2 + 2 + -2 - 6)?
0
Calculate 5 - (-2 - 4 - (-31 + 27)).
7
-3 - (-4 - (1 - 7))
-5
0 - 2 - (-16 + 12)
2
Calculate 6 + -9 - (2 + -3).
-2
Evaluate -2 + 6 + 0 - (-1 - -2).
3
What is (-8 - (-1 - 2)) + (7 - 9)?
-7
Evaluate (-5 + -2 - 7) + 9.
-5
(1 - (3 + 1)) + (7 - 1)
3
0 + (1 - -2) + 2
5
What is -7 - (2 + (5 - 9))?
-5
0 + 0 + -2 + (7 - -2)
7
Calculate 3 + -6 - (-4 - 1).
2
(4 - 11) + 13 + -6
0
(1 + -5 - -5) + -1
0
Calculate (-6 + 0 - 8 - -5) + 4.
-5
1 - 1 - 1 - (-330 + 329)
0
What is the value of (-1 - 1) + 1 - (-1 + 5)?
-5
Evaluate -4 - 1 - (-9 + 7).
-3
Evaluate 1 + -5 - 0 - (0 + 0).
-4
2 + -1 + -1 + (-4 - -8)
4
What is 2 + -11 + 7 + -1?
-3
Calculate -4 + 8 + -3 + 1 + 0.
2
Calculate 1 - (1 + 1 + -2 + 2).
-1
-2 + (-2 - (2 - 4))
-2
What is 9 + -1 - (10 + 2)?
-4
Calculate 0 - (7 + -7 - -6).
-6
What is the value of 12 + 0 + 0 + -6 - 3?
3
What is -1 + (1 - (2 - 7))?
5
Evaluate 1 - (-5 + 5) - -4.
5
Evaluate 3 - 2 - (-1 + 2 + 2).
-2
Evaluate (-2 - -4) + (3 + -7 - 0).
-2
What is -3 + 9 + -11 - -1?
-4
(27 - 30) + 0 + 0
-3
Evaluate 10 - (1 + 1 + -6 + 10).
4
Calculate -3 - (6 - 22 - -5).
8
Evaluate -3 + -4 + 2 + (-6 - -6).
-5
What is -2 + 13 - 2 - (-7 + 12)?
4
-4 + 15 + -3 + -2 + -1
5
Calculate 9 - (6 + 1) - (5 - 2).
-1
What is (2 - 0) + 7 + -2 + -7?
0
Calculate 8 - (-10 - 0 - (0 + -8)).
10
Evaluate 0 - 1 - 2 - (22 - 18).
-7
What is 1 + (0 - 1 - (-30 - -26))?
4
Calculate -8 + 4 + 3 - (-9 - -6).
2
What is 8 + -9 + 6 - -6?
11
What is 1 - (3 - (-5 - (-3 + -4)))?
0
2 - (-6 + -1 + 14)
-5
Evaluate -2 + (2 - ((-18 - -7) + 6)).
5
What is 6 + -1 + (-1 + 2 - 4)?
2
What is (-19 + 9 - -3) + 10?
3
What is the value of 11 - (-11 + 1 + 14)?
7
Evaluate 3 + 9 + -7 - 3.
2
Evaluate 1 + (0 + -4 - -2 - -4).
3
What is -6 - (-8 - (-7 - -6))?
1
10 - (4 - -6) - (0 + -5)
5
What is the value of (8 - (8 + 1)) + -8?
-9
What is the value of (-7 + -3 - -8) + 4 + 0?
2
Calculate (7 + -11 - 1) + 7 + 0.
2
Evaluate 6 - (15 + -6 - 2 - 9).
8
What is -5 - (-6 - (-1 + 2))?
2
9 - ((15 - 9) + -4)
7
Calculate 2 - (-3 - (2 - 0 - 7)).
0
What is 9 + -1 + 1 + -6?
3
What is the value of (7 - 8) + -2 + 3 + -1?
-1
What is (4 - 5) + 6 - 11 - -1?
-5
What is the value of -6 + -3 + (-4 - (-5 + -1))?
-7
What is -4 - ((6 - 2) + -4)?
-4
Calculate -3 - (4 + (-7 - 5)).
5
Evaluate (-1 - -9) + (-3 - (1 - 1)).
5
What is -18 + 18 + -8 + 9?
1
What is (1 - (-5 + 1)) + -8 + 4?
1
-4 + (-5 - (5 - 9)) + 6
1
What is the value of 5 - 9 - (-4 + 1)?
-1
What is the value of -5 + 5 + (1 - 2) + 2?
1
Calculate 2 - (-4 - -8 - -1).
-3
Calculate 7 - (10 + -1 + 4).
-6
What is -1 - 3 - (-3 + -3) - -4?
6
What is -6 - (3 + -4 + -4)?
-1
Calculate -4 + 4 + (1 - -5).
6
Evaluate 1 + -5 - (-25 + 19).
2
Evaluate 13 + -24 + 4 - (1 - 7).
-1
What is the value of -2 - (5 + (-8 - -4))?
-3
0 + -1 + -2 + -19 + 27
5
5 + 2 + (-8 - -4)
3
What is the value of (-4 - 2) + 2 + -1 + -2?
-7
What is the value of -3 + 2 + (-1 - -4) + -6?
-4
Evaluate (-4 - -1 - (12 - 16)) + 2.
3
Evaluate 5 + -2 + (-1 - -3).
5
Evaluate 0 + (-3 - (3 + -12)) + -11.
-5
Evaluate -4 + (24 - 8) + (3 - 9).
6
Calculate 4 - 7 - -5 - -1.
3
What is the value of 6 - (12 - 3) - -6?
3
Evaluate -6 - -2 - (-1 - 2).
-1
What is 3 + 4 + -5 - 5?
-3
(-2 - -6) + -21 + 16
-1
What is 8 + 8 + -16 - -6?
6
What is the value of -6 + (3 - (11 - 8))?
-6
Calculate 5 - (-1 - 4 - (8 + -23)).
-5
-4 + -5 + 20 - (3 + 4)
4
What is the value of -3 + (10 - 5) + -4 + 0?
-2
Calculate -8 - ((0 - 3) + 4).
-9
Evaluate (9 - 5) + -11 + 5.
-2
What is the value of 5 + -9 + 19 + -9?
6
Evaluate 34 + -35 + 4 + -1.
2
Calculate -5 + (5 - 7) + 4.
-3
Evaluate -8 + -2 + 28 + -4 + -4.
10
40 + -13 + -35 - (-5 - 1)
-2
What is 0 + 1 + (-5 - -10) - 5?
1
What is (3 - 1) + (-2 - -1)?
1
What is 18 + -19 + (-2 - -6)?
3
What is (-1 - -6) + (-45 - -45)?
5
24 - 17 - (0 - -2 - -1)
4
What is -5 - (7 - (0 - -8))?
-4
What is the value of 7 + -1 + -1 + (13 - 13)?
5
Calculate -4 - ((-10 - -1) + 4).
1
Calculate 3 + 11 + (-3 - (0 + 2)).
9
69 + -61 - (8 + 1)
-1
What is -1 - 6 - -3 - (15 - 22)?
3
Evaluate 7 + 2 + (-15 - -10).
4
(-5 + 1 + 9 - 3) + -7
-5
(4 - (3 + -2)) + (-6 - -5)
2
(-7 - -18) + -8 - 1
2
Evaluate (-2 - (-11 - -7)) + 2.
4
What is the value of -4 + 0 + 3 + -3?
-4
Calculate (2 - (0 - -7 - 7)) + 4.
6
What is the value of 0 + -3 - (-1 - (3 + 0))?
1
Calculate -13 - (-9 + 0 + 1).
-5
What is 54 + -63 - (3 - (3 + -1))?
-10
Evaluate 1 + (11 - 6) + -8.
-2
Calculate 2 + -14 - (-3 - 18).
9
What is the value of 13 - (-3 - -1) - (-24 - -30)?
9
1 - (-4 + 7 - 9)
7
What is -1 + (2 - 4) + -1?
-4
6 - (13 + -4) - (0 + -2)
-1
What is -3 - -9 - (-2 - -4)?
4
-10 + 17 + -15 + -3
-11
What is -18 + 1 + 4 + 25 + -19?
-7
Calculate -4 + 0 + 2 - (0 + -8).
6
Evaluate (-18 - (-7 + 0)) + 4 + 1.
-6
What is 8 + -11 - (-5 - -4)?
-2
Calculate 1 - (3 + 0 + 0).
-2
Evaluate -1 - (-1 + -1) - (2 - 0).
-1
(-6 - -6) + -6 + -1 + 2
-5
Evaluate 17 + 3 + -13 + -13.
-6
What is the value of 0 - (-3 + 3 - 4)?
4
Calculate 11 + (0 - 5) + -6.
0
What is (-6 - -4) + (0 - -4) - 2?
0
-6 + (-1 - 2 - -4) + 7
2
Calculate -1 - (1 - (2 + -3)).
-3
Calculate 6 + -15 + 5 + 2.
-2
What is the value of 7 - (1 + -5 - -11)?
0
What is the value of 3 + (-3 - 1) - 0?
-1
Evaluate 8 + -8 + -1 + 1.
0
Evaluate -1 + 5 + -5 - -4.
3
What is 66 + -58 + (2 - 2)?
8
What is -2 + 0 - (-18 - (-19 + 1))?
-2
Evaluate -2 - (-8 - ((2 - 0) + -5)).
3
Calculate -2 + -1 + 6 - (-2 - -6).
-1
What is the value of (1 + -3 - (2 - -1)) + 2?
-3
Evaluate 9 + (2 - 6) + (3 - 10).
-2
Calculate (6 + -6 - 1) + 2 + -2.
-1
What is -9 + 0 + (-66 - -74)?
-1
Calculate 6 - (4 + 6 + -7).
3
-3 - (3 + -9 - -5)
-2
Evaluate (10 - 14) + (-1 - -2) - -11.
8
Evaluate 2 + 0 + -11 + (-7 - -11).
-5
Evaluate 0 - (-7 - -2 - 0).
5
12 - 6 - (5 + 2)
-1
5 + (1 - (-3 + 7)) + -6
-4
What is 13 + (1 - 0) - (-90 + 98)?
6
Evaluate -1 - (2 - 10 - -4).
3
What is -6 + 10 - 8 - (5 - 2)?
-7
7 + 2 + -5 + -5
-1
What is the value of -5 - (-3 + -2 + 3 + 2)?
-5
Evaluate 2 - (7 - (2 - 2)).
-5
Calculate (-4 - (-19 - (5 - 6))) + -8.
6
3 - ((-2 - -5) + 0 + 6)
-6
Evaluate -3 + (5 + 8 + -6 - 5).
-1
What is 4 + 4 + -2 + -1?
5
Calculate -2 - (-1 - (10 - 3)).
6
What is the value of -5 + -2 + 3 + 5?
1
(0 - -6 - 2) + -5
-1
(1 - (-21 - -11)) + -20
-9
Calculate -2 + -3 + 7 + -3 - -5.
4
Calculate (0 + -2 - (-4 + -1)) + 2.
5
What is 1 + (0 + -2 - -2)?
1
What is -8 + (7 - -1) + 3?
3
What is the value of -8 + 7 + (-6 - -11)?
4
4 + 4 - 3 - 2
3
What is the value of 2 + -4 + 3 + 6?
7
Evaluate -30 - -25 - (-3 + 0).
-2
Calculate -12 + 6 + 3 - (-1 + -3).
1
What is (3 - 0) + 6 + (52 - 56)?
5
9 - ((-11 - -22) + -10)
8
What is the value of -4 - ((0 - (-4 + -2)) + -4)?
-6
-5 - (4 + -5) - -8
4
What is 12 - (2 + -6 + -3 + 12)?
7
(1 - -2) + -6 - (-1 - 2)
0
What is 6 - 0 - (2 + (-1 - 0))?
5
Evaluate 21 + -32 + (5 - 0) + 0.
-6
What is the value of -4 + -7 + 5 + 5 - -1?
0
Evaluate (-4 + -2 - -2) + -3 + 9.
2
What is the value of -3 + 2 + -1 + (-18 - -19)?
-1
Calculate 3 + 7 + 0 + (5 - 10).
5
-12 + 4 + 4 + 1
-3
What is -21 - -20 - (-1 - (2 + -1))?
1
Calculate 5 - 6 - (0 - (1 - -3)).
3
What is 1 + 0 - ((-3 - 7) + 9)?
2
Calculate 1 + 5 + (2 - 4).
4
Evaluate -5 - (-18 + (14 - 8)).
7
-4 - -3 - (3 + 0)
-4
2 + -3 + -8 - (38 + -40)
-7
Evaluate 1 + 2 - (31 + -20).
-8
Evaluate (5 - (1 + -2)) + -1.
5
Evaluate (3 - (3 + 7)) + 9 + -8.
-6
2 - (0 + 2 + 1)
-1
Calculate (0 - 10 - -3) + 4.
-3
What is -12 - -6 - 0 - -1?
-5
What is -2 + -1 - (0 - 2)?
-1
What is 6 - 3 - (-14 + 12)?
5
What is -16 + 19 - (2 + 10)?
-9
What is -4 + -5 + 14 - (1 + 3)?
1
Evaluate (2 - 2) + 6 + 0.
6
Evaluate -3 + -3 + 11 + 9 + -10.
4
Evaluate -5 + (9 - 1) + -8.
-5
Evaluate 4 + 1 - (-11 + 18).
-2
What is (2 - -1) + -8 + -1 + 6?
0
What is 9 + -12 + (0 - -1)?
-2
Evaluate -13 - (-11 + -1 + -2).
1
Evaluate -3 + -3 + 4 + 1 + 0.
-1
What is 1 + -2 + -2 + 7 - 8?
-4
Evaluate 4 + -6 - (4 - (3 + 0)).
-3
(0 - -8) + (2 - 14)
-4
Evaluate -7 - -8 - (4 - -1) - -9.
5
-6 + 9 + 1 + -5 - -7
6
Evaluate 0 + 5 + 7 + -14 - 1.
-3
12 + -6 - ((-1 - -4) + -2)
5
What is -7 - ((-3 - -5) + -5)?
-4
Calculate (-3 - 9) + 6 + 0.
-6
Calculate 22 + -28 - (1 + -2).
-5
Calculate 0 + (-4 - -2) - (-42 + 35).
5
0 + (1 - 5) + 5 + 0
1
Evaluate -13 + 5 + 5 - -2.
-1
What is the value of (0 - 3) + (2 - 3)?
-4
-6 - (0 + -1) - -4 - -5
4
